, what is 1343310 + -4?
1343301
In base 2, what is -1 - -1001101011001?
1001101011000
In base 9, what is 18450 - -47?
18507
In base 4, what is 22301230103 - 3?
22301230100
In base 11, what is -813553 - 5?
-813558
In base 15, what is 0 - 10805?
-10805
In base 13, what is -55 - b?
-63
In base 9, what is -5 + 15515?
15510
In base 13, what is 3 + -17a409?
-17a406
In base 2, what is -1 + -110000101000010011?
-110000101000010100
In base 14, what is 3 + -52bc?
-52b9
In base 6, what is -252 + -3304?
-4000
In base 3, what is -122112 + 211111?
11222
In base 12, what is 69 + -307?
-25a
In base 8, what is 155 + -1161?
-1004
In base 10, what is -1179281 - 2?
-1179283
In base 12, what is -13 - -95978?
95965
In base 15, what is -5 + 2d1d1?
2d1cb
In base 6, what is -3 - 1121341?
-1121344
In base 6, what is -22 + 3100?
3034
In base 11, what is -1 + 61a00a?
61a009
In base 12, what is -8b - -3a31?
3962
In base 15, what is 7 - 845?
-83d
In base 5, what is -111 + -20034?
-20200
In base 10, what is -300 + 56?
-244
In base 4, what is -113003 + 23?
-112320
In base 2, what is 100 - 1111001100001110101?
-1111001100001110001
In base 10, what is 5 + -24166?
-24161
In base 9, what is 465258 - -1?
465260
In base 16, what is -e + 115b?
114d
In base 5, what is 2241030 + 3?
2241033
In base 11, what is -60 - 83?
-133
In base 11, what is -16 + -151a1?
-15207
In base 12, what is -33 + 2725?
26b2
In base 15, what is e398b - 0?
e398b
In base 15, what is -c66 + -4?
-c6a
In base 5, what is -14424 - 2?
-14431
In base 12, what is -105a7 - 132?
-10719
In base 13, what is -25a1 - 140?
-2711
In base 13, what is -b9ac - 9?
-b9b8
In base 6, what is -22 - -404223?
404201
In base 9, what is 6 - -105440?
105446
In base 16, what is -6 - 3f5?
-3fb
In base 7, what is 3 + -520154?
-520151
In base 16, what is 3 - 11e7b?
-11e78
In base 16, what is -1115 + -4?
-1119
In base 2, what is 100011101101101 - -101?
100011101110010
In base 9, what is 376 - 1361?
-874
In base 8, what is 1 - 14536?
-14535
In base 14, what is 42b3d + -4?
42b39
In base 14, what is -44 - -961?
91b
In base 10, what is 1239096 + 4?
1239100
In base 15, what is 42c58 + -5?
42c53
In base 15, what is -b2c - -36?
-ae6
In base 7, what is -561 - 121?
-1012
In base 12, what is -2111 + -40?
-2151
In base 10, what is -16668 + 4?
-16664
In base 9, what is -1056 - 114?
-1171
In base 15, what is -5db29 + -6?
-5db30
In base 11, what is -23 - 2239?
-2261
In base 12, what is -1015 + 21?
-bb4
In base 10, what is 0 + 2442?
2442
In base 3, what is 12 + 22211212222?
22211220011
In base 14, what is 8a1 - 23?
87c
In base 14, what is 266 - -28?
290
In base 8, what is 5 + 1327623?
1327630
In base 12, what is -5 - -a7b0?
a7a7
In base 2, what is 1010100100 - -10010?
1010110110
In base 2, what is -10010010 - -100100110000?
100010011110
In base 11, what is 397 - -5?
3a1
In base 15, what is -d - 47599?
-475a7
In base 12, what is -407 - -6a?
-359
In base 13, what is 130b + 126?
1434
In base 13, what is -12 - -19475?
19463
In base 4, what is -32021333 + 13?
-32021320
In base 16, what is -31c40a - 0?
-31c40a
In base 4, what is -2032100 + -1?
-2032101
In base 3, what is 2 - -1101212202?
1101212211
In base 3, what is -1020 + -11111202?
-11112222
In base 4, what is 11 + -2131103?
-2131032
In base 16, what is 28 + -135?
-10d
In base 13, what is -4 + -4243?
-4247
In base 4, what is 1322032 - -102?
1322200
In base 10, what is 1 + 45699?
45700
In base 6, what is -5 - 515245?
-515254
In base 14, what is 3 + 6a7a5?
6a7a8
In base 12, what is -85b - -1b?
-840
In base 3, what is 0 + 1100202100?
1100202100
In base 7, what is -5350123 - 2?
-5350125
In base 6, what is 42 + -12111?
-12025
In base 2, what is -10011 - 1111101001?
-1111111100
In base 16, what is -19e7d + -5?
-19e82
In base 15, what is 9c5 + -1b?
9a9
In base 12, what is -200 + 13?
-1a9
In base 7, what is -5 + 16333?
16325
In base 5, what is 421342 - -11?
421403
In base 11, what is -1 + -4340?
-4341
In base 12, what is -2 - -859b?
8599
In base 9, what is -4 + 268415?
268411
In base 3, what is 120200212 + -2?
120200210
In base 9, what is 2300435 - 4?
2300431
In base 3, what is -11010 - 21102210?
-21120220
In base 7, what is 4364 - -455?
5152
In base 13, what is 12944 - 5?
1293c
In base 16, what is c831 - 2?
c82f
In base 8, what is 37201 + -74?
37105
In base 11, what is 731 - -a?
740
In base 3, what is -10002 + -1222101?
-2002110
In base 14, what is 9 + 48bb4?
48bbd
In base 16, what is -539f + -d?
-53ac
In base 5, what is 1 + -411410?
-411404
In base 15, what is -2 + -441b?
-441d
In base 9, what is 132 - 13157?
-13025
In base 4, what is -1 - 12230011012?
-12230011013
In base 7, what is -1350122 - 5?
-1350130
In base 11, what is 8 - -141a?
1427
In base 15, what is 1 + 7006?
7007
In base 2, what is -1000110011101 - -1101111111?
-111000011110
In base 4, what is -1011011313 - -20?
-1011011233
In base 3, what is -1022112 + 10112001?
2012112
In base 11, what is -6 + -3198?
-31a3
In base 13, what is -3 - c4a58?
-c4a5b
In base 11, what is -4 + 19460?
19457
In base 13, what is -2 + -24217?
-24219
In base 14, what is -4 + aa38?
aa34
In base 5, what is 32 - -332112?
332144
In base 15, what is c2ba - a?
c2b0
In base 5, what is -1041 + -31124?
-32220
In base 2, what is -11010010010 + 10011111?
-10111110011
In base 9, what is -15 + 261?
245
In base 5, what is 3 + -13024311?
-13024303
In base 4, what is -10 + -1322223312?
-1322223322
In base 9, what is -6 + 2237840?
2237833
In base 9, what is -4 + 2266?
2262
In base 11, what is 243510 + 4?
243514
In base 12, what is -1105 - 4?
-1109
In base 15, what is -c - 2162?
-216e
In base 2, what is -10000 - -100001110001?
100001100001
In base 6, what is -33 - -120323?
120250
In base 13, what is 64 + 10bc?
1153
In base 9, what is -550 - 20?
-570
In base 5, what is -1012201 + 11?
-1012140
In base 15, what is -5c089 + 0?
-5c089
In base 4, what is -10 + -131202122?
-131202132
In base 9, what is -1730 + 4?
-1725
In base 12, what is -131086 - 4?
-13108a
In base 14, what is 6 + -3a74?
-3a6c
In base 9, what is -72 - 757?
-840
In base 7, what is -2140244 - 0?
-2140244
In base 14, what is 13a91 + -7?
13a88
In base 15, what is 2cc + -122?
1aa
In base 5, what is 143443010 + 3?
143443013
In base 9, what is 14 - 1863?
-1848
In base 11, what is 144291 - -16?
1442a7
In base 9, what is -167 + 2768?
2601
In base 2, what is 1001101001100001 + 101?
1001101001100110
In base 6, what is 1440443 - 1?
1440442
In base 8, what is 4045 + 60?
4125
In base 10, what is 10 + 88?
98
In base 9, what is -6 - 6673?
-6680
In base 5, what is 10 + -103242?
-103232
In base 11, what is 3 - 54789?
-54786
In base 3, what is -20 - -22101012021?
22101012001
In base 11, what is -3 - a7348?
-a7350
In base 12, what is 29 - 774?
-747
In base 16, what is -6 - -8f343?
8f33d
In base 15, what is 10 - -25643?
25653
In base 5, what is 4 + 232031?
232040
In base 16, what is -3 - 25be?
-25c1
In base 4, what is -10102 + 133?
-3303
In base 5, what is 0 + -401114?
-401114
In base 6, what is 10152514 + 0?
10152514
In base 12, what is 166b5 + 13?
16708
In base 15, what is -2a831 - -3?
-2a82d
In base 7, what is -501131 - 0?
-501131
In base 3, what is 11 + -21111111?
-21111100
In base 9, what is 7 + 8137?
8145
In base 6, what is 2303 + -51?
2212
In base 10, what is -18 + 1894?
1876
In base 8, what is 0 - -225256?
225256
In base 11, what is -4 + -4a479?
-4a482
In base 14, what is -125 - 1a25?
-1b4a
In base 7, what is -13 + 342?
326
In base 7, what is 2 + 16260?
16262
In base 3, what is 10022 + 1001222?
1012021
In base 3, what is 1112111011 - -1?
1112111012
In base 10, what is -8 - -261523?
261515
In base 11, what is -299119 - -3?
-299116
In base 12, what is -2 + 8058?
8056
In base 14, what is -37 + -164?
-19b
In base 9, what is 40 - 614?
-564
In base 9, what is 2 - 164861?
-164858
In base 7, what is 244 + -532?
-255
In base 2, what is 10000100000111011 + 100?
10000100000111111
In base 12, what is -7 - -30802b?
308024
In base 16, what is -16 + -50640?
-50656
In base 5, what is -114423 + -30?
-120003
In base 7, what is -126 - 452?
-611
In base 14, what is 459cb - 2?
459c9
In base 5, what is 1102014 + -102?
1101412
In base 13, what is 4bb9c + -6?
4bb96
In base 5, what is -1102 + 20?
-1032
In base 8, what is 5 - 35507?
-35502
In base 4, what is 3 - 123103?